e 2*w + 110425 = 27*w. Is w composite?
True
Let x(j) = 27*j**3 - 2*j**2 - 5*j - 1. Is x(5) a composite number?
False
Let p = 20957 - 14344. Is p a prime number?
False
Let g = 86 - -6. Suppose z + 25 - 37 = 5*j, -2*j = 3*z - 2. Suppose g = 6*k - z*k. Is k composite?
False
Suppose 0 = -3*b - 5*u + 16316, -3*b + 5*u = -17535 + 1169. Is b prime?
False
Let z(f) be the third derivative of -25*f**4/24 - f**3/6 - 21*f**2. Is z(-8) a prime number?
True
Suppose -x = 4*w + 2227, -x - 4*x - 15 = 0. Let o(k) = 298*k**3 - 3*k**2 - 3*k - 1. Let h be o(-1). Let i = h - w. Is i prime?
True
Suppose 5*t - t = 20. Suppose -f + 92 = t*g - 0*f, 5*g = -2*f + 89. Is g a composite number?
False
Suppose -4*g - 3128 = -4*d, d - 3662 + 549 = 4*g. Let i = 1474 + g. Is i a prime number?
False
Suppose 166*o - 10 = 161*o. Is (o - 15 - -2)/(2/(-326)) a prime number?
False
Let q = 7542 - 3947. Is q composite?
True
Let r = 66 + 120. Let s = r - -869. Is s composite?
True
Suppose 2*w + 92969 = 5*i, -2*i + 2*w + 37184 = 3*w. Is i a composite number?
False
Let k(m) = 71*m**2 + 34*m - 44. Is k(-15) a composite number?
True
Let f be -1 - ((-10)/(-5))/1. Is (-151 + -3)*-1 - f prime?
True
Let l(v) be the first derivative of -379*v**2/2 + 35*v + 7. Is l(-6) composite?
False
Let s = -8179 - -19412. Is s a prime number?
False
Suppose -8528632 = -143*p + 87*p. Is p a composite number?
False
Suppose 17 = 4*x + a, 0*x + 2*x - 3 = 5*a. Suppose 0 = -x*q - 6 - 2, -2*v + 3200 = 3*q. Is v prime?
False
Let r(v) = v**2 - 15*v - 6. Let a be r(13). Let c = 123 + a. Is c composite?
True
Let y = 1223 + 440. Is y a prime number?
True
Let l(i) = -i**3 + 10*i**2 - 5*i + 6. Let u(c) = -c**3 + 6*c**2 - 5*c - 4. Let o be u(5). Let s be 4/6*(2 - o). Is l(s) composite?
True
Suppose -2*b + 6088 = -2*k, 5*b + 3*k - 12103 = 3093. Is b composite?
False
Let m(z) = 263 + 24*z**2 - z + 3*z - 262. Suppose 0*p + 3 = -p. Is m(p) prime?
True
Suppose -4*s + 258 = 2*a, -4*a + s = -4*s - 581. Suppose -2*v - 139 = a. Let t = 150 - v. Is t a composite number?
True
Let t(o) = 27*o - 3. Let k(v) = -1. Let u(a) = -2*k(a) + t(a). Is u(14) a prime number?
False
Suppose 15712 = f + 5*i, -21*i + 22*i = -3*f + 47178. Is f a prime number?
True
Suppose -2*q + 1793 = 2*p - 3*p, -4*q = -5*p - 3601. Suppose -m - q = m. Let a = -154 - m. Is a composite?
False
Is -1*(26586/(-6))/3 a composite number?
True
Let d be (-2)/(-2) - (-6)/(-2). Is (-1)/(d*1/1346) a prime number?
True
Is (-1 + -9523)*-1 - -9 prime?
True
Suppose -7*j + 5*j = -124766. Is j composite?
False
Let y be (3 - (-2 + 4))*18. Suppose 0 = -g - 188 - y. Let p = g + 855. Is p a composite number?
True
Let t(y) = -y**2 - 7*y + 9. Let z be t(-10). Let n = z - -52. Is n a prime number?
True
Let o(m) = -m**3 + m**2 + 2*m - 2. Let v be o(2). Is (3 + v)*(486 + 1) a prime number?
True
Suppose 5215 = -31*g + 38*g. Is g composite?
True
Let n(x) = -3*x**3 - 2*x**2 + 3*x - 11. Is n(-6) a composite number?
False
Let b = -96 - -90. Let i(g) = -59*g - 35. Is i(b) a prime number?
False
Suppose 4*k = -2*s + 902, -4*k + 7*k - 5*s - 644 = 0. Is k prime?
True
Let z(o) = -10*o**3 + 10*o**2 - o - 5. Let t(s) = 4*s**3 + s**2 + s. Let w be t(-1). Is z(w) a composite number?
True
Let j(u) = u**2 - 19*u - 11. Suppose -4*l + 0*l + 5*p = 100, 0 = 3*p - 12. Is j(l) a composite number?
False
Let o(t) = 1906*t - 63. Is o(5) composite?
False
Suppose -4*o + 4*y = -32, o + y = 4*y + 14. Suppose -o*s - 4545 = -k, 3*k = -s + 15071 - 1468. Is k a composite number?
True
Let p be 8/(15/(-3) + 4). Let l = p + 1891. Is l a composite number?
True
Let f be (-52)/65*10/(-1). Let j be (97 + f/2)*1. Suppose 0 = 5*p - 114 - j. Is p prime?
True
Let a(w) = w**2 - 6*w + 8. Let c be a(6). Suppose -c*b = b - 1665. Is b a composite number?
True
Let r = -236 - -271. Is r a composite number?
True
Suppose 2585 = 2*c + h, -2*c + 2*h = 1235 - 3829. Let y = 2855 - c. Is y a prime number?
False
Let c be 2/15*3*-10. Is 247 + 1 - (c - -3) composite?
True
Let m(p) = -p**3 + 7*p**2 + 2*p + 4. Let y be m(7). Let r be (96/y)/(4/606). Suppose 0 = -3*l + r - 271. Is l a prime number?
True
Let u be 1146/9 - 4/(-6). Suppose -5*j + u - 1583 = 0. Let r = j - -554. Is r a composite number?
False
Suppose 0 = 4*p + p + 2*o - 17561, 3*o = -6. Is p prime?
False
Let x(q) = -17*q - 11 - 15*q - 10 + 20. Is x(-9) prime?
False
Suppose -l + 6*l - 25 = 0. Let s(c) = 4*c**2 - 3*c + 2. Let d be s(1). Suppose 5*p = d*n + 1648, p = l*p - 5*n - 1321. Is p prime?
False
Let q(k) = 2123*k + 1. Let v(t) = 1062*t + 1. Let u(h) = -3*q(h) + 5*v(h). Is u(-1) prime?
True
Let v(j) = j**3 - 10 + 5*j + 5*j**2 - 2 - 9*j. Let p be v(-5). Suppose -3*i - 453 = -p*i - k, -8 = 4*k. Is i prime?
False
Let a(k) = 57*k**2 + 19*k + 43. Is a(-11) a prime number?
False
Suppose -11*m - 29*m + 207880 = 0. Is m composite?
False
Let p be -5 + 0 + 2 - -91. Let q be (-6)/4*p/(-33). Suppose 3*m + 248 = -0*r + q*r, -3*m - 130 = -2*r. Is r composite?
False
Let u = -59 + 128. Suppose -6459 = -u*k + 66*k. Is k composite?
False
Let s(h) = 94*h**2 - 19. Let p be s(5). Let y = p + -832. Is y composite?
False
Let p(g) = 16*g**3 + 45*g**2 - 4*g + 4. Let b(h) = -3*h**3 - 9*h**2 + h - 1. Let m(v) = -11*b(v) - 2*p(v). Let c = -13 - -9. Is m(c) a composite number?
True
Suppose -5*b - 5*f - 216 = -66, 0 = -5*f + 10. Let l = 35 + b. Suppose -l*x - 241 = -1234. Is x a composite number?
False
Is ((-121228)/16 - 1)*(-12 + 8) a prime number?
False
Let r(d) = -d**3 + 20*d**2 + 13*d + 18. Let z be r(21). Suppose -5*x - 167 = 1518. Let t = z - x. Is t a prime number?
False
Suppose -5*v = 2*r - 6*r + 22, 0 = v + 2. Suppose 6*q = r*q + 45. Let a = q + 4. Is a a prime number?
True
Is ((-11194)/(-4))/(24/48) composite?
True
Let b = -11693 - -62674. Is b composite?
True
Let s(w) = -w**3 + 4*w**2 + w + 6. Let n be s(4). Let j(q) = 47*q - 24. Is j(n) a composite number?
True
Suppose 6*z + 2 = 7*z. Let f be (1 + z/2)*-10. Let n = f + 91. Is n a composite number?
False
Let h be (2/(-5))/(1/25). Let k be ((-28)/h)/((-9)/45). Is (-1)/((-4)/k)*-4 prime?
False
Let c = 580 + -263. Let p = c - 80. Is p prime?
False
Let i(z) = 2*z**3 - 8*z**2 - 3*z + 20. Is i(7) a composite number?
False
Is 4107*(7 + 60/(-9)) prime?
False
Let s(j) = -14*j + 1. Let a be (-14)/(-4) + 2/(-4). Suppose 10 = -a*m - 35. Is s(m) a composite number?
False
Let w be -5 - -4*(-3)/6. Let y(l) be the first derivative of -9*l**2 + 3*l - 1. Is y(w) composite?
True
Let t(g) = -g**2 + 13*g - 9. Let z = -25 - -37. Let a be t(z). Suppose -a*s + 199 = -146. Is s a composite number?
True
Let p = 243 - 4. Is p a composite number?
False
Suppose -2*r + x - 3*x + 934 = 0, -3*r + 1398 = 4*x. Let z = r - 329. Is z a prime number?
False
Let q = 39 - 22. Suppose -q*x + 12*x + 2545 = 0. Is x prime?
True
Let w(z) = 8*z**2 - 86*z + 177. Is w(38) a prime number?
True
Let k be ((-824)/(-3))/(10/(-120)). Is (-11)/(55/(-20)) + (-1 - k) a composite number?
False
Suppose 5*s + 12 = -3*v + 2*s, -4*s - 8 = 3*v. Is v/4 - (-911 - -2) a prime number?
True
Let d(x) = -3*x + 5*x**2 - 2 + 4*x + 14*x**2 + 6. Is d(6) composite?
True
Let c be 7334/19 + 2/4*-2. Let t = c - 191. Is t prime?
False
Suppose 2*i - 5*i = g - 88413, -i + 2*g = -29471. Is i a prime number?
False
Suppose 4 = -3*k + s, -2*s = -5*k + 2*s - 16. Suppose 4*d + 3*a - 476 - 380 = 0, -4*d + 4*a + 828 = k. Is d composite?
False
Let q(y) = -161*y - 18. Let f be q(-8). Let c = -741 + f. Is c a composite number?
True
Suppose 12060 = 6*c - 0*c. Suppose a = -5*a + c. Is a a composite number?
True
Suppose -y + 2*y - 5305 = 2*n, 0 = 5*n + 20. Is y a composite number?
False
Suppose k - 3 = 0, -4 = -r - 3*k + 6. Is r/((-18)/(-12))*12447/6 a prime number?
False
Let m(j) be the second derivative of -9*j**5/20 + 5*j**4/12 + 11*j**3/6 - 2*j**2 - 14*j. Is m(-5) prime?
False
Let f = -4940 + 13057. Is f a composite number?
False
Let c = 5573 - 1196. Is c composite?
True
Let s be ((-8)/3)/(4/(-6)). Let a be ((-6)/2)/((-3)/5). Suppose 458 = a*f - 3*z - 120, -f + 111 = s*z. Is f composite?
True
Let s(m) = -m**3 + 13*m**2 + 5*m - 2. Let f be s(14). Let b = 11 - f. Is b prime?
True
Let q be -3*(-4)/18*3. Suppose q*y = 58 + 58. Suppose y + 0 = h. Is h a prime number?
False
Let q(l) = 14*l**2 - 2*l - 1. Let w be q(-1). Suppose -w*h = -13*h + 8. Is ((-29